nd derivative of 1 - 2/3*c**3 - 1/6*c**4 + 0*c**2 - 60*c. Give p(-3).
-6
Let q(j) = -6*j + 9. Let r be q(1). Let x(b) = -2*b**2 - 5 - b**r + 13 - 10 + b**2. What is x(2)?
-14
Suppose -2*j + 2*o - 33 - 15 = 0, -3*j - 73 = -4*o. Let x(s) = -2*s**2 - 49*s - 70. Determine x(j).
-1
Let u(r) be the third derivative of 14*r**2 + 0 - 7/6*r**3 - r - 1/120*r**6 + 1/24*r**4 + 1/30*r**5. Calculate u(0).
-7
Let w(v) = -v**2 - 2*v - 16. Suppose -1888*l + 1884*l = r - 34, r + 1 = l. What is w(l)?
-79
Suppose 0 = k + 5*s - 29, -k - 21 = -5*s - 0*s. Let f(j) = -13*j - 4*j**2 + 3*j**2 + 2*j**2 - k*j + 1 + 10*j. Determine f(8).
9
Let m(s) be the third derivative of s**6/120 - 2*s**5/15 + 7*s**4/24 - s**3/3 - 161*s**2 + 2*s + 3. Calculate m(7).
-2
Suppose 2*p - 2*r = -12, 29*p - 2*r + 22 = 25*p. Let h(y) = -3*y + 20. What is h(p)?
35
Let o(a) = 5*a**2 - 18*a - 63. Let h(n) = -9*n**2 + 35*n + 125. Let v(q) = 6*h(q) + 11*o(q). Let y(b) be the first derivative of v(b). What is y(-10)?
-8
Let g(t) = t**2 + 3*t - 2. Let z be g(1). Let v(d) = -d + 0 - 7*d + 4*d - z. Give v(-1).
2
Let p(g) = -g - 12. Let s(i) = -i**3 + i**2 + 14*i - 8. Let k be 0 + 1 + (-147)/(-49). Let v be s(k). Calculate p(v).
-12
Let w(a) = 5*a + 5*a + 3*a - a**2 - 1 - 14*a. Let u(t) = -t**3 + t**2 - 8*t + 1. Let o(p) = u(p) - 3*w(p). Calculate o(3).
-2
Let l(j) = 2*j + 8. Let w(o) = -o - 5. Let m(u) = 5*l(u) + 8*w(u). Let b(f) = 4*f**2 + 175*f - 38. Let y be b(-44). Determine m(y).
12
Let w(u) be the second derivative of u**4/12 + u**3/6 + u**2/2 - 89*u - 56. Let i = -14 + 10. What is w(i)?
13
Suppose -4*d + 9 = 5*n, -4*d + 17 = n - 7*d. Suppose -n = 2*g + 3. Let h(q) = 3*q - 4. Let b(v) = -2*v + 2. Let a(t) = 7*b(t) + 4*h(t). Give a(g).
6
Let r(b) = 8*b**2 - 7*b + 7. Let w(h) = 21*h**2 - 12*h + 15. Let u(o) = 5*r(o) - 2*w(o). Determine u(-9).
-58
Let v(k) be the third derivative of k**4/24 + 5*k**3/3 - 3*k**2. Suppose -8 = -g - 8. Suppose g = i - 2*i. What is v(i)?
10
Let r(l) = -6*l**2 + 10*l + 13. Let u = 36 - 17. Suppose 2*o + u = 29. Let x(v) = -v**2 + v + 1. Let q(f) = o*x(f) - r(f). What is q(6)?
-2
Let y = -1097 - -1098. Let d(o) = 81*o**2 - 3*o + 2. Give d(y).
80
Let m(j) = -2*j**3 - 13*j**2 - 12. Let a(t) = -t**3 - 6*t**2 - 6. Let l(p) = -7*a(p) + 3*m(p). Let f be (15/150*-4)/((-4)/(-40)). Determine l(f).
-10
Let l(k) be the second derivative of k**5/20 - k**4/4 - 5*k**2/2 + 1527*k. What is l(5)?
45
Let w(f) = -363*f + 156. Let u(k) = 8*k - 3. Let s(i) = -90*u(i) - 2*w(i). What is s(8)?
6
Let g(o) = 4*o - 30. Let s be g(7). Let p be s + (-3 - -4) + 4. Let m(w) = -1 + 3*w - 8 + p. What is m(4)?
6
Suppose -448 - 122 = 38*p. Let x(t) = 9*t + 138. What is x(p)?
3
Let z(m) be the first derivative of m**4/4 + 3*m**3 + m**2 + 8*m - 493. Give z(-9).
-10
Suppose 0 = 4*q + 2*q - 12. Suppose -4*y - 4*u = -12, 5*y - 1 - q = -u. Let m(k) be the second derivative of -k**5/20 + 15*k**2/2 - 327*k. Determine m(y).
15
Let v = 118 + -112. Let d(g) = -9 + v*g - 6*g + 7 - 4*g. Calculate d(2).
-10
Let p(b) = b**3 + 9*b**2 - 12*b - 8. Suppose -6*l - 8 = -224. Suppose l*s - 51*s = 150. What is p(s)?
12
Let y(j) = -j**3 + 8*j**2 - 2*j + 12. Let w be (-135 - -151)*1/((-4)/(-2)). Give y(w).
-4
Let b(o) be the first derivative of 5/2*o**2 + 53 + 6*o. Calculate b(6).
36
Let n = 6 + -3. Let z(w) = 5 - 5*w - 6 + 7*w**n + 3*w. Let h be (-21)/252 - ((-385)/60)/(-7). Give z(h).
-6
Let d(n) = 3*n + 0*n - 6*n + 7. Let j(q) = -3*q**2 - 816*q + 10219. Let t be j(-284). Determine d(t).
22
Let x be (-226)/(-4) + (-3)/2. Let l(t) = -10*t - 45 + t**2 + 98 - x. What is l(10)?
-2
Let l(g) = -g**2 - 10*g. Let i be l(0). Let c(q) = -3 + i + 24*q + 14*q + 2 - 31*q. What is c(-1)?
-8
Suppose -526*a + 324 = -472*a. Let f(g) = -g**3 + 8*g**2 - 8*g - 14. Calculate f(a).
10
Let c(n) = n**2 - n + 8. Let s = 249 - 211. Suppose -5*g - 4*b + s = 0, -3*g - 2*b = -11 - 11. Determine c(g).
38
Let r(u) = 6*u**2 - u - 3. Let d be ((-77231)/(-63))/17 + 1/(-9). Suppose -219*a - d = -195*a. Calculate r(a).
54
Let x(p) = p**2 + 6*p**2 - 3*p + 2*p + p**3. Suppose -48*q + 2*i + 2304 = -44*q, 0 = -4*q - 4*i + 2304. Suppose 4*d - q + 604 = 0. Calculate x(d).
7
Let z(l) = -2*l - 5. Let h be (-10)/5*(-28)/(-4). Let x be 10/(-6)*(h + 11). Give z(x).
-15
Let m(z) be the second derivative of -z**3/3 + 29*z**2/2 - 26*z - 9. What is m(7)?
15
Let k(v) be the third derivative of 59*v**5/60 + v**4/8 - v**3/6 + 13*v**2 - 10*v - 17. Calculate k(1).
61
Let m(x) = -134841*x**3 - 3 - 12*x**2 + 134840*x**3 - 3 - 17*x. Determine m(-10).
-36
Let v be ((-195)/78)/(5/(-4)) - -4. Let s(y) = -4*y**2 + y + 3. Let o(b) = 7*b**2 - 2*b - 7. Let z(l) = 3*o(l) + 5*s(l). Give z(v).
24
Let t(h) = 2*h - 8. Let k be t(5). Suppose k*u + 1 = 3*u. Let m(b) = 3 + 8*b - 5 + 1. Determine m(u).
7
Let s(b) be the second derivative of b**5/20 - b**4/6 - b**3/6 + 3*b**2/2 + 1533*b. What is s(5)?
73
Let x(s) = -9*s + 14*s - 8*s - 5*s + 17*s + 95. What is x(-10)?
5
Let j(u) = u**3 - 13*u**2 + 10*u + 28. Let b be j(12). Let i(z) = 482 - 482 + b*z. Let m = 20 - 16. Determine i(m).
16
Let i(k) be the second derivative of -11*k**3/2 - k. Let p = 489919 - 489918. Determine i(p).
-33
Let h(b) = 9*b**3 + 6*b**2 + 22*b + 12. Let d(y) = 5*y**3 + 2*y**2 + 12*y + 6. Let w(r) = 7*d(r) - 4*h(r). What is w(-10)?
34
Let f(a) = a**2 + 5*a + 1. Let h be ((-2)/(-6))/(8/648). Let o = -79 + h. Let s = 47 + o. What is f(s)?
1
Let p(q) = -4*q + 75. Let l be p(23). Let y(u) = 4*u + 60. Let x be y(l). Let m(v) = -v**3 - 8*v**2 - 4*v - 11. Determine m(x).
21
Let l be -4 + (-359)/(-6) - 1/(-6). Let h = l - 65. Let p(s) = s**3 + 10*s**2 + 11*s + 10. What is p(h)?
-8
Let p(s) = s**3 - 2*s**2 - 2. Let b(k) = -k**3 + 3*k**2 - 4*k + 4. Let r(w) = -b(w) - 2*p(w). Determine r(3).
-6
Let w(a) = -a**3 - 6*a**2 - 6*a + 9. Let y be (114/(-133))/((-3)/(-21)). What is w(y)?
45
Let x(p) be the third derivative of -p**6/120 + p**5/10 - 7*p**4/8 + 127*p**3/6 + 4015*p**2. Determine x(6).
1
Let u(p) be the first derivative of -p**3/3 - p**2/2 - 4374. Suppose 0 = -4*x + 4*k, 0 = -2*x - 0*x + 4*k - 6. Suppose 5*c = x*c. What is u(c)?
0
Let s(o) = o**3 - 4*o**2 + 4*o + 14. Let i be s(2). Let n(q) = 16*q - 223. Give n(i).
1
Let j = 3 - 6. Let x(t) = -81 + 241 + 7*t - 77 - 86. Calculate x(j).
-24
Let b(j) = -j**2 + 13*j - 14. Suppose -7 = 3*a - 34. What is b(a)?
22
Suppose -q + 6 = 45. Let v = q + 70. Suppose 0 = 5*b + 6 - v. Let i(j) = -j + 1. What is i(b)?
-4
Let t(q) = q**3 - 5*q**2 + q - 5. Suppose 5*j + 3 = 23. Let g be j + (-1)/5*-5. Determine t(g).
0
Let l = -110 - -90. Let i(v) = -1. Let m(u) = 2*u - 4. Let f(z) = l*i(z) + 5*m(z). Calculate f(2).
20
Let f(d) = 40*d + 619. Let j(a) = 6*a + 125. Let y(m) = -2*f(m) + 11*j(m). What is y(10)?
-3
Let v(y) = -140*y + 476. Let m(i) = -7*i + 24. Let c(l) = -119*m(l) + 6*v(l). Suppose 3*k + 6 = -2*g - 7, 5*g + 25 = 0. What is c(k)?
7
Let m = 56 + -92. Let h = -35 - m. Let j(o) = -253*o + 4*o**2 - h + 0*o**3 - o**3 + 260*o. What is j(5)?
9
Let x(h) = -2*h - 1. Let l(y) = y**2 - 18*y - 12. Let i(q) = l(q) - 4*x(q). Give i(11).
3
Suppose 0 = -8*j + 9*j + 7. Let c(n) = 5*n**3 - 2*n**2 + n + 3. Let t(y) = -9*y**3 + 5*y**2 - y - 8. Let a(p) = 11*c(p) + 6*t(p). What is a(j)?
-1
Let h(a) be the second derivative of -a + 5/4*a**4 + 2*a**3 + 1/20*a**5 + 0 - 17/2*a**2. What is h(-14)?
11
Suppose 160 + 0 = 51*h - 211*h. Let s(r) = 7*r**3 - 2*r**2 - 2*r - 1. Determine s(h).
-8
Let a(r) = 4*r**2 + 5*r - 6. Let s(m) = -5*m**2 - 6*m + 7. Let k(z) = 7*a(z) + 6*s(z). Suppose 3*p + 4*h = 1 + 5, -5*h + 31 = -8*p. Give k(p).
-6
Let n(z) = -3*z**3 - 64*z**2 + 111*z - 109. Let u be n(-23). Let m(r) = -r**3 - 13*r**2 + 67*r - 10. What is m(u)?
7
Suppose 0 = -i - s, 0 = -i - 3*i + 4*s + 16. Let v be (-5)/i - 2/4. Let x(o) be the first derivative of -o**2/2 - 3*o - 12265. Determine x(v).
0
Let x(n) = -2*n + 3. Suppose -3*s + 1 = i + 18, 39 = -3*i - 5*s. Let d be ((-12)/i)/(((-12)/(-8))/(-3)). Let q be 51/(-12) + ((-6)/8)/d. What is x(q)?
11
Let s(d) = -3*d**2 - 17*d + 11. Let b be s(-6). Let a(n) = n + 2. What is a(b)?
7
Let g(t) be the first derivative of 3*t**2/2 + 5*t - 15558. Let b be (-51)/(-6) - (-2)/(-4). Give g(b).
29
Suppose 2*h + 799 = -5*g, -5*h - 2065 = -6*g + 5*g. Let x = -403 - h. Let s(t) = -t**3 + 8*t**2